{"id":35,"date":"2015-05-18T15:29:45","date_gmt":"2015-05-18T13:29:45","guid":{"rendered":"http:\/\/blog.vulkanologische-gesellschaft.de\/?page_id=35"},"modified":"2025-05-28T11:50:33","modified_gmt":"2025-05-28T09:50:33","slug":"schule","status":"publish","type":"page","link":"https:\/\/www.vulkanologische-gesellschaft.de\/blog\/schule\/","title":{"rendered":"Schule"},"content":{"rendered":"<p>Die Vulkanologische Gesellschaft e.V. hat es sich zum Ziel gemacht Sch\u00fcler und Lehrer mit kostenlosem Unterrichtsmaterial zu unterst\u00fctzen.<\/p>\n<ul>\n<li>Map: <a href=\"https:\/\/vulkanologische-gesellschaft.de\/blog\/index.php\/2015\/05\/18\/weltkarte-mit-lage-der-vulkane\/\">Weltkarte mit Lage der Vulkane<\/a><\/li>\n<li>Grafik <a href=\"https:\/\/www.vulkanologische-gesellschaft.de\/blog\/2015\/05\/18\/globus-mit-plattengrenzen\/\">Globus mit Plattengrenzen<\/a><\/li>\n<li>Grafik<a href=\"https:\/\/www.vulkanologische-gesellschaft.de\/blog\/2015\/05\/18\/subduktionszone\/\"> Querschnitt Vulkan<\/a><\/li>\n<li>Grafik<a href=\"https:\/\/vulkanologische-gesellschaft.de\/blog\/index.php\/2015\/05\/19\/plattentektoni\u2026nd-vulkanismus\"> Plattentektonik und Vulkane<\/a><\/li>\n<li>Grafik <a href=\"https:\/\/www.vulkanologische-gesellschaft.de\/blog\/2015\/05\/18\/subduktionszone\/\">Subduktionszonen-Vulkanismus<\/a><\/li>\n<li>Foto <a href=\"https:\/\/www.vulkanologische-gesellschaft.de\/blog\/2015\/05\/18\/foto-ascheeruption-am-bromo\/\">Ascheeruption am Vulkan Bromo<\/a><\/li>\n<li>Foto <a href=\"https:\/\/www.vulkanologische-gesellschaft.de\/blog\/2015\/05\/18\/foto-lavafontaene-am-eyjafjallajoekull\/\">Lavafont\u00e4ne auf Island<\/a><\/li>\n<li>Foto <a href=\"https:\/\/www.vulkanologische-gesellschaft.de\/blog\/2015\/05\/18\/foto-lavasee-erta-ale\/\">Lavasee Erta Al\u00e9<\/a><\/li>\n<li>Foto <a href=\"https:\/\/www.vulkanologische-gesellschaft.de\/blog\/2015\/05\/18\/lavastrom-am-erta-ale\/\">Lavastrom am Erta Al\u00e9<\/a><\/li>\n<\/ul>\n<p>Bei Verwendung bitte copyrights (Autor\/Vulkanologische Gesellschaft e.V.) angeben. Die Grafiken und Fotos sind nur f\u00fcr den privaten Gebrauch und bei Verwendung als Lehrmaterial kostenlos. Verkauf und Ver\u00f6ffentlichung in B\u00fcchern und Medien nur mit schriftlicher Erlaubnis der Urheber.<\/p>\n","protected":false},"excerpt":{"rendered":"<p>Die Vulkanologische Gesellschaft e.V. hat es sich zum Ziel gemacht Sch\u00fcler und Lehrer mit kostenlosem Unterrichtsmaterial zu unterst\u00fctzen. Map: Weltkarte mit Lage der Vulkane Grafik Globus mit Plattengrenzen Grafik Querschnitt Vulkan Grafik Plattentektonik und Vulkane Grafik Subduktionszonen-Vulkanismus Foto Ascheeruption am Vulkan Bromo Foto Lavafont\u00e4ne auf Island Foto Lavasee Erta Al\u00e9 Foto Lavastrom am Erta Al\u00e9&hellip;<\/p>\n","protected":false},"author":1,"featured_media":0,"parent":0,"menu_order":0,"comment_status":"open","ping_status":"closed","template":"","meta":{"footnotes":""},"class_list":["post-35","page","type-page","status-publish","hentry"],"yoast_head":"<!-- This site is optimized with the Yoast SEO plugin v27.2 - https:\/\/yoast.com\/product\/yoast-seo-wordpress\/ -->\n<title>Schule - Vulkanologische Gesellschaft<\/title>\n<meta name=\"robots\" content=\"index, follow, max-snippet:-1, max-image-preview:large, max-video-preview:-1\" \/>\n<link rel=\"canonical\" href=\"https:\/\/www.vulkanologische-gesellschaft.de\/blog\/schule\/\" \/>\n<meta property=\"og:locale\" content=\"de_DE\" \/>\n<meta property=\"og:type\" content=\"article\" \/>\n<meta property=\"og:title\" content=\"Schule - Vulkanologische Gesellschaft\" \/>\n<meta property=\"og:description\" content=\"Die Vulkanologische Gesellschaft e.V. hat es sich zum Ziel gemacht Sch\u00fcler und Lehrer mit kostenlosem Unterrichtsmaterial zu unterst\u00fctzen. Map: Weltkarte mit Lage der Vulkane Grafik Globus mit Plattengrenzen Grafik Querschnitt Vulkan Grafik Plattentektonik und Vulkane Grafik Subduktionszonen-Vulkanismus Foto Ascheeruption am Vulkan Bromo Foto Lavafont\u00e4ne auf Island Foto Lavasee Erta Al\u00e9 Foto Lavastrom am Erta Al\u00e9&hellip;\" \/>\n<meta property=\"og:url\" content=\"https:\/\/www.vulkanologische-gesellschaft.de\/blog\/schule\/\" \/>\n<meta property=\"og:site_name\" content=\"Vulkanologische Gesellschaft\" \/>\n<meta property=\"article:publisher\" content=\"https:\/\/www.facebook.com\/profile.php?id=100076365217120\" \/>\n<meta property=\"article:modified_time\" content=\"2025-05-28T09:50:33+00:00\" \/>\n<meta name=\"twitter:card\" content=\"summary_large_image\" \/>\n<meta name=\"twitter:label1\" content=\"Gesch\u00e4tzte Lesezeit\" \/>\n\t<meta name=\"twitter:data1\" content=\"1\u00a0Minute\" \/>\n<script type=\"application\/ld+json\" class=\"yoast-schema-graph\">{\"@context\":\"https:\/\/schema.org\",\"@graph\":[{\"@type\":\"WebPage\",\"@id\":\"https:\/\/www.vulkanologische-gesellschaft.de\/blog\/schule\/\",\"url\":\"https:\/\/www.vulkanologische-gesellschaft.de\/blog\/schule\/\",\"name\":\"Schule - Vulkanologische Gesellschaft\",\"isPartOf\":{\"@id\":\"https:\/\/www.vulkanologische-gesellschaft.de\/blog\/#website\"},\"datePublished\":\"2015-05-18T13:29:45+00:00\",\"dateModified\":\"2025-05-28T09:50:33+00:00\",\"breadcrumb\":{\"@id\":\"https:\/\/www.vulkanologische-gesellschaft.de\/blog\/schule\/#breadcrumb\"},\"inLanguage\":\"de\",\"potentialAction\":[{\"@type\":\"ReadAction\",\"target\":[\"https:\/\/www.vulkanologische-gesellschaft.de\/blog\/schule\/\"]}]},{\"@type\":\"BreadcrumbList\",\"@id\":\"https:\/\/www.vulkanologische-gesellschaft.de\/blog\/schule\/#breadcrumb\",\"itemListElement\":[{\"@type\":\"ListItem\",\"position\":1,\"name\":\"Startseite\",\"item\":\"https:\/\/www.vulkanologische-gesellschaft.de\/blog\/\"},{\"@type\":\"ListItem\",\"position\":2,\"name\":\"Schule\"}]},{\"@type\":\"WebSite\",\"@id\":\"https:\/\/www.vulkanologische-gesellschaft.de\/blog\/#website\",\"url\":\"https:\/\/www.vulkanologische-gesellschaft.de\/blog\/\",\"name\":\"Vulkanologische Gesellschaft\",\"description\":\"Gesellschaft f\u00fcr internationale Vulkanerkundung\",\"publisher\":{\"@id\":\"https:\/\/www.vulkanologische-gesellschaft.de\/blog\/#organization\"},\"potentialAction\":[{\"@type\":\"SearchAction\",\"target\":{\"@type\":\"EntryPoint\",\"urlTemplate\":\"https:\/\/www.vulkanologische-gesellschaft.de\/blog\/?s={search_term_string}\"},\"query-input\":{\"@type\":\"PropertyValueSpecification\",\"valueRequired\":true,\"valueName\":\"search_term_string\"}}],\"inLanguage\":\"de\"},{\"@type\":\"Organization\",\"@id\":\"https:\/\/www.vulkanologische-gesellschaft.de\/blog\/#organization\",\"name\":\"Vulkanologische Gesellschaft e.V\",\"url\":\"https:\/\/www.vulkanologische-gesellschaft.de\/blog\/\",\"logo\":{\"@type\":\"ImageObject\",\"inLanguage\":\"de\",\"@id\":\"https:\/\/www.vulkanologische-gesellschaft.de\/blog\/#\/schema\/logo\/image\/\",\"url\":\"https:\/\/www.vulkanologische-gesellschaft.de\/blog\/wp-content\/uploads\/2015\/07\/logo-klein.jpg\",\"contentUrl\":\"https:\/\/www.vulkanologische-gesellschaft.de\/blog\/wp-content\/uploads\/2015\/07\/logo-klein.jpg\",\"width\":140,\"height\":139,\"caption\":\"Vulkanologische Gesellschaft e.V\"},\"image\":{\"@id\":\"https:\/\/www.vulkanologische-gesellschaft.de\/blog\/#\/schema\/logo\/image\/\"},\"sameAs\":[\"https:\/\/www.facebook.com\/profile.php?id=100076365217120\"]}]}<\/script>\n<!-- \/ Yoast SEO plugin. -->","yoast_head_json":{"title":"Schule - Vulkanologische Gesellschaft","robots":{"index":"index","follow":"follow","max-snippet":"max-snippet:-1","max-image-preview":"max-image-preview:large","max-video-preview":"max-video-preview:-1"},"canonical":"https:\/\/www.vulkanologische-gesellschaft.de\/blog\/schule\/","og_locale":"de_DE","og_type":"article","og_title":"Schule - Vulkanologische Gesellschaft","og_description":"Die Vulkanologische Gesellschaft e.V. hat es sich zum Ziel gemacht Sch\u00fcler und Lehrer mit kostenlosem Unterrichtsmaterial zu unterst\u00fctzen. Map: Weltkarte mit Lage der Vulkane Grafik Globus mit Plattengrenzen Grafik Querschnitt Vulkan Grafik Plattentektonik und Vulkane Grafik Subduktionszonen-Vulkanismus Foto Ascheeruption am Vulkan Bromo Foto Lavafont\u00e4ne auf Island Foto Lavasee Erta Al\u00e9 Foto Lavastrom am Erta Al\u00e9&hellip;","og_url":"https:\/\/www.vulkanologische-gesellschaft.de\/blog\/schule\/","og_site_name":"Vulkanologische Gesellschaft","article_publisher":"https:\/\/www.facebook.com\/profile.php?id=100076365217120","article_modified_time":"2025-05-28T09:50:33+00:00","twitter_card":"summary_large_image","twitter_misc":{"Gesch\u00e4tzte Lesezeit":"1\u00a0Minute"},"schema":{"@context":"https:\/\/schema.org","@graph":[{"@type":"WebPage","@id":"https:\/\/www.vulkanologische-gesellschaft.de\/blog\/schule\/","url":"https:\/\/www.vulkanologische-gesellschaft.de\/blog\/schule\/","name":"Schule - Vulkanologische Gesellschaft","isPartOf":{"@id":"https:\/\/www.vulkanologische-gesellschaft.de\/blog\/#website"},"datePublished":"2015-05-18T13:29:45+00:00","dateModified":"2025-05-28T09:50:33+00:00","breadcrumb":{"@id":"https:\/\/www.vulkanologische-gesellschaft.de\/blog\/schule\/#breadcrumb"},"inLanguage":"de","potentialAction":[{"@type":"ReadAction","target":["https:\/\/www.vulkanologische-gesellschaft.de\/blog\/schule\/"]}]},{"@type":"BreadcrumbList","@id":"https:\/\/www.vulkanologische-gesellschaft.de\/blog\/schule\/#breadcrumb","itemListElement":[{"@type":"ListItem","position":1,"name":"Startseite","item":"https:\/\/www.vulkanologische-gesellschaft.de\/blog\/"},{"@type":"ListItem","position":2,"name":"Schule"}]},{"@type":"WebSite","@id":"https:\/\/www.vulkanologische-gesellschaft.de\/blog\/#website","url":"https:\/\/www.vulkanologische-gesellschaft.de\/blog\/","name":"Vulkanologische Gesellschaft","description":"Gesellschaft f\u00fcr internationale Vulkanerkundung","publisher":{"@id":"https:\/\/www.vulkanologische-gesellschaft.de\/blog\/#organization"},"potentialAction":[{"@type":"SearchAction","target":{"@type":"EntryPoint","urlTemplate":"https:\/\/www.vulkanologische-gesellschaft.de\/blog\/?s={search_term_string}"},"query-input":{"@type":"PropertyValueSpecification","valueRequired":true,"valueName":"search_term_string"}}],"inLanguage":"de"},{"@type":"Organization","@id":"https:\/\/www.vulkanologische-gesellschaft.de\/blog\/#organization","name":"Vulkanologische Gesellschaft e.V","url":"https:\/\/www.vulkanologische-gesellschaft.de\/blog\/","logo":{"@type":"ImageObject","inLanguage":"de","@id":"https:\/\/www.vulkanologische-gesellschaft.de\/blog\/#\/schema\/logo\/image\/","url":"https:\/\/www.vulkanologische-gesellschaft.de\/blog\/wp-content\/uploads\/2015\/07\/logo-klein.jpg","contentUrl":"https:\/\/www.vulkanologische-gesellschaft.de\/blog\/wp-content\/uploads\/2015\/07\/logo-klein.jpg","width":140,"height":139,"caption":"Vulkanologische Gesellschaft e.V"},"image":{"@id":"https:\/\/www.vulkanologische-gesellschaft.de\/blog\/#\/schema\/logo\/image\/"},"sameAs":["https:\/\/www.facebook.com\/profile.php?id=100076365217120"]}]}},"_links":{"self":[{"href":"https:\/\/www.vulkanologische-gesellschaft.de\/blog\/wp-json\/wp\/v2\/pages\/35","targetHints":{"allow":["GET"]}}],"collection":[{"href":"https:\/\/www.vulkanologische-gesellschaft.de\/blog\/wp-json\/wp\/v2\/pages"}],"about":[{"href":"https:\/\/www.vulkanologische-gesellschaft.de\/blog\/wp-json\/wp\/v2\/types\/page"}],"author":[{"embeddable":true,"href":"https:\/\/www.vulkanologische-gesellschaft.de\/blog\/wp-json\/wp\/v2\/users\/1"}],"replies":[{"embeddable":true,"href":"https:\/\/www.vulkanologische-gesellschaft.de\/blog\/wp-json\/wp\/v2\/comments?post=35"}],"version-history":[{"count":20,"href":"https:\/\/www.vulkanologische-gesellschaft.de\/blog\/wp-json\/wp\/v2\/pages\/35\/revisions"}],"predecessor-version":[{"id":910,"href":"https:\/\/www.vulkanologische-gesellschaft.de\/blog\/wp-json\/wp\/v2\/pages\/35\/revisions\/910"}],"wp:attachment":[{"href":"https:\/\/www.vulkanologische-gesellschaft.de\/blog\/wp-json\/wp\/v2\/media?parent=35"}],"curies":[{"name":"wp","href":"https:\/\/api.w.org\/{rel}","templated":true}]}}