{"id":21,"date":"2015-05-18T14:12:00","date_gmt":"2015-05-18T12:12:00","guid":{"rendered":"http:\/\/blog.vulkanologische-gesellschaft.de\/?page_id=21"},"modified":"2020-07-02T18:45:18","modified_gmt":"2020-07-02T16:45:18","slug":"weltkarte-der-vulkane","status":"publish","type":"page","link":"https:\/\/www.vulkanologische-gesellschaft.de\/blog\/weltkarte-der-vulkane\/","title":{"rendered":"Weltkarte der Vulkane"},"content":{"rendered":"<p><a href=\"https:\/\/vulkanologische-gesellschaft.de\/blog\/wp-content\/uploads\/2015\/05\/weltkarte.jpg\"><img loading=\"lazy\" decoding=\"async\" class=\"aligncenter wp-image-26 size-large zoooom\" src=\"https:\/\/vulkanologische-gesellschaft.de\/blog\/wp-content\/uploads\/2015\/05\/weltkarte-1024x501.jpg\" alt=\"Weltkarte der Vulkane. \u00a9 Marla Mertgen\" width=\"700\" height=\"342\" srcset=\"https:\/\/www.vulkanologische-gesellschaft.de\/blog\/wp-content\/uploads\/2015\/05\/weltkarte-1024x501.jpg 1024w, https:\/\/www.vulkanologische-gesellschaft.de\/blog\/wp-content\/uploads\/2015\/05\/weltkarte-300x147.jpg 300w\" sizes=\"auto, (max-width: 700px) 100vw, 700px\" \/><\/a><\/p>\n<p>Auf dieser Karte von Marla Mertgen sind alle als aktiv eingestuften Vulkane verzeichnet. Die Karte ist per Mausover zoombar und stellt einen vergr\u00f6\u00dferten Lupenausschnitt dar.<\/p>\n<p>Auf die Vulkan-Namen wurde in dieser Darstellung verzichtet, da sich einige Symbole \u00fcberlappen. Trotzdem l\u00e4sst sich sehr sch\u00f6n zeigen, dass die meisten Vulkane dem Verlauf der Kontinentalr\u00e4nder folgen.<\/p>\n","protected":false},"excerpt":{"rendered":"<p>Auf dieser Karte von Marla Mertgen sind alle als aktiv eingestuften Vulkane verzeichnet. Die Karte ist per Mausover zoombar und stellt einen vergr\u00f6\u00dferten Lupenausschnitt dar. Auf die Vulkan-Namen wurde in dieser Darstellung verzichtet, da sich einige Symbole \u00fcberlappen. Trotzdem l\u00e4sst sich sehr sch\u00f6n zeigen, dass die meisten Vulkane dem Verlauf der Kontinentalr\u00e4nder folgen.<\/p>\n","protected":false},"author":1,"featured_media":0,"parent":0,"menu_order":0,"comment_status":"open","ping_status":"closed","template":"","meta":{"footnotes":""},"class_list":["post-21","page","type-page","status-publish","hentry"],"yoast_head":"<!-- This site is optimized with the Yoast SEO plugin v27.2 - https:\/\/yoast.com\/product\/yoast-seo-wordpress\/ -->\n<title>Weltkarte der Vulkane - Vulkanologische Gesellschaft<\/title>\n<meta name=\"robots\" content=\"index, follow, max-snippet:-1, max-image-preview:large, max-video-preview:-1\" \/>\n<link rel=\"canonical\" href=\"https:\/\/www.vulkanologische-gesellschaft.de\/blog\/weltkarte-der-vulkane\/\" \/>\n<meta property=\"og:locale\" content=\"de_DE\" \/>\n<meta property=\"og:type\" content=\"article\" \/>\n<meta property=\"og:title\" content=\"Weltkarte der Vulkane - Vulkanologische Gesellschaft\" \/>\n<meta property=\"og:description\" content=\"Auf dieser Karte von Marla Mertgen sind alle als aktiv eingestuften Vulkane verzeichnet. Die Karte ist per Mausover zoombar und stellt einen vergr\u00f6\u00dferten Lupenausschnitt dar. Auf die Vulkan-Namen wurde in dieser Darstellung verzichtet, da sich einige Symbole \u00fcberlappen. Trotzdem l\u00e4sst sich sehr sch\u00f6n zeigen, dass die meisten Vulkane dem Verlauf der Kontinentalr\u00e4nder folgen.\" \/>\n<meta property=\"og:url\" content=\"https:\/\/www.vulkanologische-gesellschaft.de\/blog\/weltkarte-der-vulkane\/\" \/>\n<meta property=\"og:site_name\" content=\"Vulkanologische Gesellschaft\" \/>\n<meta property=\"article:publisher\" content=\"https:\/\/www.facebook.com\/profile.php?id=100076365217120\" \/>\n<meta property=\"article:modified_time\" content=\"2020-07-02T16:45:18+00:00\" \/>\n<meta property=\"og:image\" content=\"https:\/\/www.vulkanologische-gesellschaft.de\/blog\/wp-content\/uploads\/2015\/05\/weltkarte.jpg\" \/>\n\t<meta property=\"og:image:width\" content=\"4681\" \/>\n\t<meta property=\"og:image:height\" content=\"2289\" \/>\n\t<meta property=\"og:image:type\" content=\"image\/jpeg\" \/>\n<meta name=\"twitter:card\" content=\"summary_large_image\" \/>\n<script type=\"application\/ld+json\" class=\"yoast-schema-graph\">{\"@context\":\"https:\/\/schema.org\",\"@graph\":[{\"@type\":\"WebPage\",\"@id\":\"https:\/\/www.vulkanologische-gesellschaft.de\/blog\/weltkarte-der-vulkane\/\",\"url\":\"https:\/\/www.vulkanologische-gesellschaft.de\/blog\/weltkarte-der-vulkane\/\",\"name\":\"Weltkarte der Vulkane - Vulkanologische Gesellschaft\",\"isPartOf\":{\"@id\":\"https:\/\/www.vulkanologische-gesellschaft.de\/blog\/#website\"},\"primaryImageOfPage\":{\"@id\":\"https:\/\/www.vulkanologische-gesellschaft.de\/blog\/weltkarte-der-vulkane\/#primaryimage\"},\"image\":{\"@id\":\"https:\/\/www.vulkanologische-gesellschaft.de\/blog\/weltkarte-der-vulkane\/#primaryimage\"},\"thumbnailUrl\":\"https:\/\/vulkanologische-gesellschaft.de\/blog\/wp-content\/uploads\/2015\/05\/weltkarte-1024x501.jpg\",\"datePublished\":\"2015-05-18T12:12:00+00:00\",\"dateModified\":\"2020-07-02T16:45:18+00:00\",\"breadcrumb\":{\"@id\":\"https:\/\/www.vulkanologische-gesellschaft.de\/blog\/weltkarte-der-vulkane\/#breadcrumb\"},\"inLanguage\":\"de\",\"potentialAction\":[{\"@type\":\"ReadAction\",\"target\":[\"https:\/\/www.vulkanologische-gesellschaft.de\/blog\/weltkarte-der-vulkane\/\"]}]},{\"@type\":\"ImageObject\",\"inLanguage\":\"de\",\"@id\":\"https:\/\/www.vulkanologische-gesellschaft.de\/blog\/weltkarte-der-vulkane\/#primaryimage\",\"url\":\"https:\/\/vulkanologische-gesellschaft.de\/blog\/wp-content\/uploads\/2015\/05\/weltkarte-1024x501.jpg\",\"contentUrl\":\"https:\/\/vulkanologische-gesellschaft.de\/blog\/wp-content\/uploads\/2015\/05\/weltkarte-1024x501.jpg\"},{\"@type\":\"BreadcrumbList\",\"@id\":\"https:\/\/www.vulkanologische-gesellschaft.de\/blog\/weltkarte-der-vulkane\/#breadcrumb\",\"itemListElement\":[{\"@type\":\"ListItem\",\"position\":1,\"name\":\"Startseite\",\"item\":\"https:\/\/www.vulkanologische-gesellschaft.de\/blog\/\"},{\"@type\":\"ListItem\",\"position\":2,\"name\":\"Weltkarte der Vulkane\"}]},{\"@type\":\"WebSite\",\"@id\":\"https:\/\/www.vulkanologische-gesellschaft.de\/blog\/#website\",\"url\":\"https:\/\/www.vulkanologische-gesellschaft.de\/blog\/\",\"name\":\"Vulkanologische Gesellschaft\",\"description\":\"Gesellschaft f\u00fcr internationale Vulkanerkundung\",\"publisher\":{\"@id\":\"https:\/\/www.vulkanologische-gesellschaft.de\/blog\/#organization\"},\"potentialAction\":[{\"@type\":\"SearchAction\",\"target\":{\"@type\":\"EntryPoint\",\"urlTemplate\":\"https:\/\/www.vulkanologische-gesellschaft.de\/blog\/?s={search_term_string}\"},\"query-input\":{\"@type\":\"PropertyValueSpecification\",\"valueRequired\":true,\"valueName\":\"search_term_string\"}}],\"inLanguage\":\"de\"},{\"@type\":\"Organization\",\"@id\":\"https:\/\/www.vulkanologische-gesellschaft.de\/blog\/#organization\",\"name\":\"Vulkanologische Gesellschaft e.V\",\"url\":\"https:\/\/www.vulkanologische-gesellschaft.de\/blog\/\",\"logo\":{\"@type\":\"ImageObject\",\"inLanguage\":\"de\",\"@id\":\"https:\/\/www.vulkanologische-gesellschaft.de\/blog\/#\/schema\/logo\/image\/\",\"url\":\"https:\/\/www.vulkanologische-gesellschaft.de\/blog\/wp-content\/uploads\/2015\/07\/logo-klein.jpg\",\"contentUrl\":\"https:\/\/www.vulkanologische-gesellschaft.de\/blog\/wp-content\/uploads\/2015\/07\/logo-klein.jpg\",\"width\":140,\"height\":139,\"caption\":\"Vulkanologische Gesellschaft e.V\"},\"image\":{\"@id\":\"https:\/\/www.vulkanologische-gesellschaft.de\/blog\/#\/schema\/logo\/image\/\"},\"sameAs\":[\"https:\/\/www.facebook.com\/profile.php?id=100076365217120\"]}]}<\/script>\n<!-- \/ Yoast SEO plugin. -->","yoast_head_json":{"title":"Weltkarte der Vulkane - Vulkanologische Gesellschaft","robots":{"index":"index","follow":"follow","max-snippet":"max-snippet:-1","max-image-preview":"max-image-preview:large","max-video-preview":"max-video-preview:-1"},"canonical":"https:\/\/www.vulkanologische-gesellschaft.de\/blog\/weltkarte-der-vulkane\/","og_locale":"de_DE","og_type":"article","og_title":"Weltkarte der Vulkane - Vulkanologische Gesellschaft","og_description":"Auf dieser Karte von Marla Mertgen sind alle als aktiv eingestuften Vulkane verzeichnet. Die Karte ist per Mausover zoombar und stellt einen vergr\u00f6\u00dferten Lupenausschnitt dar. Auf die Vulkan-Namen wurde in dieser Darstellung verzichtet, da sich einige Symbole \u00fcberlappen. Trotzdem l\u00e4sst sich sehr sch\u00f6n zeigen, dass die meisten Vulkane dem Verlauf der Kontinentalr\u00e4nder folgen.","og_url":"https:\/\/www.vulkanologische-gesellschaft.de\/blog\/weltkarte-der-vulkane\/","og_site_name":"Vulkanologische Gesellschaft","article_publisher":"https:\/\/www.facebook.com\/profile.php?id=100076365217120","article_modified_time":"2020-07-02T16:45:18+00:00","og_image":[{"width":4681,"height":2289,"url":"https:\/\/www.vulkanologische-gesellschaft.de\/blog\/wp-content\/uploads\/2015\/05\/weltkarte.jpg","type":"image\/jpeg"}],"twitter_card":"summary_large_image","schema":{"@context":"https:\/\/schema.org","@graph":[{"@type":"WebPage","@id":"https:\/\/www.vulkanologische-gesellschaft.de\/blog\/weltkarte-der-vulkane\/","url":"https:\/\/www.vulkanologische-gesellschaft.de\/blog\/weltkarte-der-vulkane\/","name":"Weltkarte der Vulkane - Vulkanologische Gesellschaft","isPartOf":{"@id":"https:\/\/www.vulkanologische-gesellschaft.de\/blog\/#website"},"primaryImageOfPage":{"@id":"https:\/\/www.vulkanologische-gesellschaft.de\/blog\/weltkarte-der-vulkane\/#primaryimage"},"image":{"@id":"https:\/\/www.vulkanologische-gesellschaft.de\/blog\/weltkarte-der-vulkane\/#primaryimage"},"thumbnailUrl":"https:\/\/vulkanologische-gesellschaft.de\/blog\/wp-content\/uploads\/2015\/05\/weltkarte-1024x501.jpg","datePublished":"2015-05-18T12:12:00+00:00","dateModified":"2020-07-02T16:45:18+00:00","breadcrumb":{"@id":"https:\/\/www.vulkanologische-gesellschaft.de\/blog\/weltkarte-der-vulkane\/#breadcrumb"},"inLanguage":"de","potentialAction":[{"@type":"ReadAction","target":["https:\/\/www.vulkanologische-gesellschaft.de\/blog\/weltkarte-der-vulkane\/"]}]},{"@type":"ImageObject","inLanguage":"de","@id":"https:\/\/www.vulkanologische-gesellschaft.de\/blog\/weltkarte-der-vulkane\/#primaryimage","url":"https:\/\/vulkanologische-gesellschaft.de\/blog\/wp-content\/uploads\/2015\/05\/weltkarte-1024x501.jpg","contentUrl":"https:\/\/vulkanologische-gesellschaft.de\/blog\/wp-content\/uploads\/2015\/05\/weltkarte-1024x501.jpg"},{"@type":"BreadcrumbList","@id":"https:\/\/www.vulkanologische-gesellschaft.de\/blog\/weltkarte-der-vulkane\/#breadcrumb","itemListElement":[{"@type":"ListItem","position":1,"name":"Startseite","item":"https:\/\/www.vulkanologische-gesellschaft.de\/blog\/"},{"@type":"ListItem","position":2,"name":"Weltkarte der Vulkane"}]},{"@type":"WebSite","@id":"https:\/\/www.vulkanologische-gesellschaft.de\/blog\/#website","url":"https:\/\/www.vulkanologische-gesellschaft.de\/blog\/","name":"Vulkanologische Gesellschaft","description":"Gesellschaft f\u00fcr internationale Vulkanerkundung","publisher":{"@id":"https:\/\/www.vulkanologische-gesellschaft.de\/blog\/#organization"},"potentialAction":[{"@type":"SearchAction","target":{"@type":"EntryPoint","urlTemplate":"https:\/\/www.vulkanologische-gesellschaft.de\/blog\/?s={search_term_string}"},"query-input":{"@type":"PropertyValueSpecification","valueRequired":true,"valueName":"search_term_string"}}],"inLanguage":"de"},{"@type":"Organization","@id":"https:\/\/www.vulkanologische-gesellschaft.de\/blog\/#organization","name":"Vulkanologische Gesellschaft e.V","url":"https:\/\/www.vulkanologische-gesellschaft.de\/blog\/","logo":{"@type":"ImageObject","inLanguage":"de","@id":"https:\/\/www.vulkanologische-gesellschaft.de\/blog\/#\/schema\/logo\/image\/","url":"https:\/\/www.vulkanologische-gesellschaft.de\/blog\/wp-content\/uploads\/2015\/07\/logo-klein.jpg","contentUrl":"https:\/\/www.vulkanologische-gesellschaft.de\/blog\/wp-content\/uploads\/2015\/07\/logo-klein.jpg","width":140,"height":139,"caption":"Vulkanologische Gesellschaft e.V"},"image":{"@id":"https:\/\/www.vulkanologische-gesellschaft.de\/blog\/#\/schema\/logo\/image\/"},"sameAs":["https:\/\/www.facebook.com\/profile.php?id=100076365217120"]}]}},"_links":{"self":[{"href":"https:\/\/www.vulkanologische-gesellschaft.de\/blog\/wp-json\/wp\/v2\/pages\/21","targetHints":{"allow":["GET"]}}],"collection":[{"href":"https:\/\/www.vulkanologische-gesellschaft.de\/blog\/wp-json\/wp\/v2\/pages"}],"about":[{"href":"https:\/\/www.vulkanologische-gesellschaft.de\/blog\/wp-json\/wp\/v2\/types\/page"}],"author":[{"embeddable":true,"href":"https:\/\/www.vulkanologische-gesellschaft.de\/blog\/wp-json\/wp\/v2\/users\/1"}],"replies":[{"embeddable":true,"href":"https:\/\/www.vulkanologische-gesellschaft.de\/blog\/wp-json\/wp\/v2\/comments?post=21"}],"version-history":[{"count":14,"href":"https:\/\/www.vulkanologische-gesellschaft.de\/blog\/wp-json\/wp\/v2\/pages\/21\/revisions"}],"predecessor-version":[{"id":798,"href":"https:\/\/www.vulkanologische-gesellschaft.de\/blog\/wp-json\/wp\/v2\/pages\/21\/revisions\/798"}],"wp:attachment":[{"href":"https:\/\/www.vulkanologische-gesellschaft.de\/blog\/wp-json\/wp\/v2\/media?parent=21"}],"curies":[{"name":"wp","href":"https:\/\/api.w.org\/{rel}","templated":true}]}}

<p><a href="https://vulkanologische-gesellschaft.de/blog/wp-content/uploads/2015/05/weltkarte.jpg"><img loading="lazy" decoding="async" class="aligncenter wp-image-26 size-large zoooom" src="https://vulkanologische-gesellschaft.de/blog/wp-content/uploads/2015/05/weltkarte-1024x501.jpg" alt="Weltkarte der Vulkane. © Marla Mertgen" width="700" height="342" srcset="https://www.vulkanologische-gesellschaft.de/blog/wp-content/uploads/2015/05/weltkarte-1024x501.jpg 1024w, https://www.vulkanologische-gesellschaft.de/blog/wp-content/uploads/2015/05/weltkarte-300x147.jpg 300w" sizes="auto, (max-width: 700px) 100vw, 700px" /></a></p>
<p>Auf dieser Karte von Marla Mertgen sind alle als aktiv eingestuften Vulkane verzeichnet. Die Karte ist per Mausover zoombar und stellt einen vergrößerten Lupenausschnitt dar.</p>
<p>Auf die Vulkan-Namen wurde in dieser Darstellung verzichtet, da sich einige Symbole überlappen. Trotzdem lässt sich sehr schön zeigen, dass die meisten Vulkane dem Verlauf der Kontinentalränder folgen.</p>

<p>Auf dieser Karte von Marla Mertgen sind alle als aktiv eingestuften Vulkane verzeichnet. Die Karte ist per Mausover zoombar und stellt einen vergrößerten Lupenausschnitt dar. Auf die Vulkan-Namen wurde in dieser Darstellung verzichtet, da sich einige Symbole überlappen. Trotzdem lässt sich sehr schön zeigen, dass die meisten Vulkane dem Verlauf der Kontinentalränder folgen.</p>

<!-- This site is optimized with the Yoast SEO plugin v27.2 - https://yoast.com/product/yoast-seo-wordpress/ -->
<title>Weltkarte der Vulkane - Vulkanologische Gesellschaft</title>
<meta name="robots" content="index, follow, max-snippet:-1, max-image-preview:large, max-video-preview:-1" />
<link rel="canonical" href="https://www.vulkanologische-gesellschaft.de/blog/weltkarte-der-vulkane/" />
<meta property="og:locale" content="de_DE" />
<meta property="og:type" content="article" />
<meta property="og:title" content="Weltkarte der Vulkane - Vulkanologische Gesellschaft" />
<meta property="og:description" content="Auf dieser Karte von Marla Mertgen sind alle als aktiv eingestuften Vulkane verzeichnet. Die Karte ist per Mausover zoombar und stellt einen vergrößerten Lupenausschnitt dar. Auf die Vulkan-Namen wurde in dieser Darstellung verzichtet, da sich einige Symbole überlappen. Trotzdem lässt sich sehr schön zeigen, dass die meisten Vulkane dem Verlauf der Kontinentalränder folgen." />
<meta property="og:url" content="https://www.vulkanologische-gesellschaft.de/blog/weltkarte-der-vulkane/" />
<meta property="og:site_name" content="Vulkanologische Gesellschaft" />
<meta property="article:publisher" content="https://www.facebook.com/profile.php?id=100076365217120" />
<meta property="article:modified_time" content="2020-07-02T16:45:18+00:00" />
<meta property="og:image" content="https://www.vulkanologische-gesellschaft.de/blog/wp-content/uploads/2015/05/weltkarte.jpg" />
	<meta property="og:image:width" content="4681" />
	<meta property="og:image:height" content="2289" />
	<meta property="og:image:type" content="image/jpeg" />
<meta name="twitter:card" content="summary_large_image" />
<script type="application/ld+json" class="yoast-schema-graph">{"@context":"https://schema.org","@graph":[{"@type":"WebPage","@id":"https://www.vulkanologische-gesellschaft.de/blog/weltkarte-der-vulkane/","url":"https://www.vulkanologische-gesellschaft.de/blog/weltkarte-der-vulkane/","name":"Weltkarte der Vulkane - Vulkanologische Gesellschaft","isPartOf":{"@id":"https://www.vulkanologische-gesellschaft.de/blog/#website"},"primaryImageOfPage":{"@id":"https://www.vulkanologische-gesellschaft.de/blog/weltkarte-der-vulkane/#primaryimage"},"image":{"@id":"https://www.vulkanologische-gesellschaft.de/blog/weltkarte-der-vulkane/#primaryimage"},"thumbnailUrl":"https://vulkanologische-gesellschaft.de/blog/wp-content/uploads/2015/05/weltkarte-1024x501.jpg","datePublished":"2015-05-18T12:12:00+00:00","dateModified":"2020-07-02T16:45:18+00:00","breadcrumb":{"@id":"https://www.vulkanologische-gesellschaft.de/blog/weltkarte-der-vulkane/#breadcrumb"},"inLanguage":"de","potentialAction":[{"@type":"ReadAction","target":["https://www.vulkanologische-gesellschaft.de/blog/weltkarte-der-vulkane/"]}]},{"@type":"ImageObject","inLanguage":"de","@id":"https://www.vulkanologische-gesellschaft.de/blog/weltkarte-der-vulkane/#primaryimage","url":"https://vulkanologische-gesellschaft.de/blog/wp-content/uploads/2015/05/weltkarte-1024x501.jpg","contentUrl":"https://vulkanologische-gesellschaft.de/blog/wp-content/uploads/2015/05/weltkarte-1024x501.jpg"},{"@type":"BreadcrumbList","@id":"https://www.vulkanologische-gesellschaft.de/blog/weltkarte-der-vulkane/#breadcrumb","itemListElement":[{"@type":"ListItem","position":1,"name":"Startseite","item":"https://www.vulkanologische-gesellschaft.de/blog/"},{"@type":"ListItem","position":2,"name":"Weltkarte der Vulkane"}]},{"@type":"WebSite","@id":"https://www.vulkanologische-gesellschaft.de/blog/#website","url":"https://www.vulkanologische-gesellschaft.de/blog/","name":"Vulkanologische Gesellschaft","description":"Gesellschaft für internationale Vulkanerkundung","publisher":{"@id":"https://www.vulkanologische-gesellschaft.de/blog/#organization"},"potentialAction":[{"@type":"SearchAction","target":{"@type":"EntryPoint","urlTemplate":"https://www.vulkanologische-gesellschaft.de/blog/?s={search_term_string}"},"query-input":{"@type":"PropertyValueSpecification","valueRequired":true,"valueName":"search_term_string"}}],"inLanguage":"de"},{"@type":"Organization","@id":"https://www.vulkanologische-gesellschaft.de/blog/#organization","name":"Vulkanologische Gesellschaft e.V","url":"https://www.vulkanologische-gesellschaft.de/blog/","logo":{"@type":"ImageObject","inLanguage":"de","@id":"https://www.vulkanologische-gesellschaft.de/blog/#/schema/logo/image/","url":"https://www.vulkanologische-gesellschaft.de/blog/wp-content/uploads/2015/07/logo-klein.jpg","contentUrl":"https://www.vulkanologische-gesellschaft.de/blog/wp-content/uploads/2015/07/logo-klein.jpg","width":140,"height":139,"caption":"Vulkanologische Gesellschaft e.V"},"image":{"@id":"https://www.vulkanologische-gesellschaft.de/blog/#/schema/logo/image/"},"sameAs":["https://www.facebook.com/profile.php?id=100076365217120"]}]}</script>
<!-- / Yoast SEO plugin. -->

Auf dieser Karte von Marla Mertgen sind alle als aktiv eingestuften Vulkane verzeichnet. Die Karte ist per Mausover zoombar und stellt einen vergrößerten Lupenausschnitt dar. Auf die Vulkan-Namen wurde in dieser Darstellung verzichtet, da sich einige Symbole überlappen. Trotzdem lässt sich sehr schön zeigen, dass die meisten Vulkane dem Verlauf der Kontinentalränder folgen.

Gesellschaft für internationale Vulkanerkundung
