{"version":"1.0","provider_name":"Vulkanologische Gesellschaft","provider_url":"https:\/\/www.vulkanologische-gesellschaft.de\/blog","title":"Nachlese zur Hauptversammlung 2025 - Vulkanologische Gesellschaft","type":"rich","width":600,"height":338,"html":"<blockquote class=\"wp-embedded-content\" data-secret=\"o4ypl3mtiR\"><a href=\"https:\/\/www.vulkanologische-gesellschaft.de\/blog\/2025\/05\/28\/nachlese-zur-hauptversammlung-2025\/\">Nachlese zur Hauptversammlung 2025<\/a><\/blockquote><iframe sandbox=\"allow-scripts\" security=\"restricted\" src=\"https:\/\/www.vulkanologische-gesellschaft.de\/blog\/2025\/05\/28\/nachlese-zur-hauptversammlung-2025\/embed\/#?secret=o4ypl3mtiR\" width=\"600\" height=\"338\" title=\"&#8222;Nachlese zur Hauptversammlung 2025&#8220; &#8211; Vulkanologische Gesellschaft\" data-secret=\"o4ypl3mtiR\" frameborder=\"0\" marginwidth=\"0\" marginheight=\"0\" scrolling=\"no\" class=\"wp-embedded-content\"><\/iframe><script type=\"text\/javascript\">\n\/* <![CDATA[ *\/\n\/*! This file is auto-generated *\/\n!function(d,l){\"use strict\";l.querySelector&&d.addEventListener&&\"undefined\"!=typeof URL&&(d.wp=d.wp||{},d.wp.receiveEmbedMessage||(d.wp.receiveEmbedMessage=function(e){var t=e.data;if((t||t.secret||t.message||t.value)&&!\/[^a-zA-Z0-9]\/.test(t.secret)){for(var s,r,n,a=l.querySelectorAll('iframe[data-secret=\"'+t.secret+'\"]'),o=l.querySelectorAll('blockquote[data-secret=\"'+t.secret+'\"]'),c=new RegExp(\"^https?:$\",\"i\"),i=0;i<o.length;i++)o[i].style.display=\"none\";for(i=0;i<a.length;i++)s=a[i],e.source===s.contentWindow&&(s.removeAttribute(\"style\"),\"height\"===t.message?(1e3<(r=parseInt(t.value,10))?r=1e3:~~r<200&&(r=200),s.height=r):\"link\"===t.message&&(r=new URL(s.getAttribute(\"src\")),n=new URL(t.value),c.test(n.protocol))&&n.host===r.host&&l.activeElement===s&&(d.top.location.href=t.value))}},d.addEventListener(\"message\",d.wp.receiveEmbedMessage,!1),l.addEventListener(\"DOMContentLoaded\",function(){for(var e,t,s=l.querySelectorAll(\"iframe.wp-embedded-content\"),r=0;r<s.length;r++)(t=(e=s[r]).getAttribute(\"data-secret\"))||(t=Math.random().toString(36).substring(2,12),e.src+=\"#?secret=\"+t,e.setAttribute(\"data-secret\",t)),e.contentWindow.postMessage({message:\"ready\",secret:t},\"*\")},!1)))}(window,document);\n\/\/# sourceURL=https:\/\/www.vulkanologische-gesellschaft.de\/blog\/wp-includes\/js\/wp-embed.min.js\n\/* ]]> *\/\n<\/script>\n","thumbnail_url":"https:\/\/www.vulkanologische-gesellschaft.de\/blog\/wp-content\/uploads\/2025\/05\/mit02.jpg","thumbnail_width":1050,"thumbnail_height":788,"description":"Die Mitglieder der Vulkanologischen Gesellschaft e.V. trafen sich am 24. Mai zur Hauptversammlung in Daun. Zuvor und danach unternahmen einige Mitglieder eine Wanderung in dem Vulkangebiet der Eifel. Wir trafen einige Beschl\u00fcsse in Bezug auf Investitionen und planen, die Livecam am Fuego zu erneuern, einen 4-K-Beamer f\u00fcr unsere Vortr\u00e4ge anzuschaffen und uns mit einem Schwefeldioxid-Messger\u00e4t&hellip;"}

Die Mitglieder der Vulkanologischen Gesellschaft e.V. trafen sich am 24. Mai zur Hauptversammlung in Daun. Zuvor und danach unternahmen einige Mitglieder eine Wanderung in dem Vulkangebiet der Eifel. Wir trafen einige Beschlüsse in Bezug auf Investitionen und planen, die Livecam am Fuego zu erneuern, einen 4-K-Beamer für unsere Vorträge anzuschaffen und uns mit einem Schwefeldioxid-Messgerät&hellip;
