{"version":"1.0","provider_name":"Vulkanologische Gesellschaft","provider_url":"https:\/\/www.vulkanologische-gesellschaft.de\/blog","title":"Vulkanologische Konferenz auf Methana - Vulkanologische Gesellschaft","type":"rich","width":600,"height":338,"html":"<blockquote class=\"wp-embedded-content\" data-secret=\"pVyWMEnW5s\"><a href=\"https:\/\/www.vulkanologische-gesellschaft.de\/blog\/2016\/12\/08\/vulkanologische-konferenz-auf-methana\/\">Vulkanologische Konferenz auf Methana<\/a><\/blockquote><iframe sandbox=\"allow-scripts\" security=\"restricted\" src=\"https:\/\/www.vulkanologische-gesellschaft.de\/blog\/2016\/12\/08\/vulkanologische-konferenz-auf-methana\/embed\/#?secret=pVyWMEnW5s\" width=\"600\" height=\"338\" title=\"&#8222;Vulkanologische Konferenz auf Methana&#8220; &#8211; Vulkanologische Gesellschaft\" data-secret=\"pVyWMEnW5s\" frameborder=\"0\" marginwidth=\"0\" marginheight=\"0\" scrolling=\"no\" class=\"wp-embedded-content\"><\/iframe><script type=\"text\/javascript\">\n\/* <![CDATA[ *\/\n\/*! This file is auto-generated *\/\n!function(d,l){\"use strict\";l.querySelector&&d.addEventListener&&\"undefined\"!=typeof URL&&(d.wp=d.wp||{},d.wp.receiveEmbedMessage||(d.wp.receiveEmbedMessage=function(e){var t=e.data;if((t||t.secret||t.message||t.value)&&!\/[^a-zA-Z0-9]\/.test(t.secret)){for(var s,r,n,a=l.querySelectorAll('iframe[data-secret=\"'+t.secret+'\"]'),o=l.querySelectorAll('blockquote[data-secret=\"'+t.secret+'\"]'),c=new RegExp(\"^https?:$\",\"i\"),i=0;i<o.length;i++)o[i].style.display=\"none\";for(i=0;i<a.length;i++)s=a[i],e.source===s.contentWindow&&(s.removeAttribute(\"style\"),\"height\"===t.message?(1e3<(r=parseInt(t.value,10))?r=1e3:~~r<200&&(r=200),s.height=r):\"link\"===t.message&&(r=new URL(s.getAttribute(\"src\")),n=new URL(t.value),c.test(n.protocol))&&n.host===r.host&&l.activeElement===s&&(d.top.location.href=t.value))}},d.addEventListener(\"message\",d.wp.receiveEmbedMessage,!1),l.addEventListener(\"DOMContentLoaded\",function(){for(var e,t,s=l.querySelectorAll(\"iframe.wp-embedded-content\"),r=0;r<s.length;r++)(t=(e=s[r]).getAttribute(\"data-secret\"))||(t=Math.random().toString(36).substring(2,12),e.src+=\"#?secret=\"+t,e.setAttribute(\"data-secret\",t)),e.contentWindow.postMessage({message:\"ready\",secret:t},\"*\")},!1)))}(window,document);\n\/\/# sourceURL=https:\/\/www.vulkanologische-gesellschaft.de\/blog\/wp-includes\/js\/wp-embed.min.js\n\/* ]]> *\/\n<\/script>\n","description":"Die erste, internationale Konferenz \u00fcber den Vulkanismus der Halbinsel Methana in Griechenland war ein Erfolg. Vom 10 bis 12 Juni 2016 diskutierten alle Vulkanologen, die in der Region t\u00e4tig waren, \u00fcber ihre Ergebnisse. Dabei wurde sehr deutlich, dass der Vulkanismus der ca. 55 qkm gro\u00dfen Halbinsel nicht erloschen ist. In Zukunft muss die Region weiter&hellip;","thumbnail_url":"https:\/\/www.vulkanologische-gesellschaft.de\/blog\/wp-content\/uploads\/2016\/12\/tobias_konferenz_2016.jpg","thumbnail_width":2048,"thumbnail_height":1536}

Die erste, internationale Konferenz über den Vulkanismus der Halbinsel Methana in Griechenland war ein Erfolg. Vom 10 bis 12 Juni 2016 diskutierten alle Vulkanologen, die in der Region tätig waren, über ihre Ergebnisse. Dabei wurde sehr deutlich, dass der Vulkanismus der ca. 55 qkm großen Halbinsel nicht erloschen ist. In Zukunft muss die Region weiter&hellip;
